it of 196559?
5
What is the hundred thousands digit of 14294615?
2
What is the tens digit of 10399165?
6
What is the tens digit of 2484039?
3
What is the ten thousands digit of 3026146?
2
What is the millions digit of 4068372?
4
What is the units digit of 31754719?
9
What is the thousands digit of 488580?
8
What is the millions digit of 5682044?
5
What is the hundreds digit of 5485286?
2
What is the units digit of 287547?
7
What is the tens digit of 50602?
0
What is the millions digit of 18238863?
8
What is the ten thousands digit of 2133777?
3
What is the hundred thousands digit of 1471536?
4
What is the thousands digit of 343747?
3
What is the tens digit of 9891356?
5
What is the units digit of 567151?
1
What is the thousands digit of 2127173?
7
What is the hundreds digit of 5526944?
9
What is the thousands digit of 93904?
3
What is the millions digit of 1420477?
1
What is the hundreds digit of 7436377?
3
What is the tens digit of 565959?
5
What is the thousands digit of 12888487?
8
What is the hundred thousands digit of 6219959?
2
What is the hundreds digit of 4536075?
0
What is the tens digit of 13247349?
4
What is the hundred thousands digit of 145636?
1
What is the units digit of 86697?
7
What is the tens digit of 5024955?
5
What is the units digit of 882254?
4
What is the tens digit of 377096?
9
What is the ten thousands digit of 1781293?
8
What is the tens digit of 40314?
1
What is the hundreds digit of 1276921?
9
What is the units digit of 1255294?
4
What is the ten thousands digit of 229116?
2
What is the tens digit of 272082?
8
What is the ten thousands digit of 435725?
3
What is the hundred thousands digit of 333004?
3
What is the units digit of 562911?
1
What is the hundreds digit of 1583657?
6
What is the hundred thousands digit of 3531131?
5
What is the hundred thousands digit of 10993427?
9
What is the hundreds digit of 2480098?
0
What is the thousands digit of 153890?
3
What is the units digit of 9598213?
3
What is the hundred thousands digit of 3788682?
7
What is the hundreds digit of 5859935?
9
What is the ten thousands digit of 130647?
3
What is the thousands digit of 2566426?
6
What is the hundred thousands digit of 133025?
1
What is the hundreds digit of 1393?
3
What is the millions digit of 1471091?
1
What is the thousands digit of 2172307?
2
What is the ten thousands digit of 214496?
1
What is the hundred thousands digit of 32946953?
9
What is the ten thousands digit of 8937042?
3
What is the thousands digit of 727943?
7
What is the millions digit of 5252632?
5
What is the millions digit of 2084576?
2
What is the hundreds digit of 119291?
2
What is the thousands digit of 2606292?
6
What is the hundreds digit of 3501751?
7
What is the hundreds digit of 170090?
0
What is the units digit of 537268?
8
What is the hundred thousands digit of 1241101?
2
What is the ten thousands digit of 506073?
0
What is the millions digit of 5683823?
5
What is the units digit of 2349718?
8
What is the ten thousands digit of 7654972?
5
What is the hundred thousands digit of 581783?
5
What is the units digit of 6519531?
1
What is the millions digit of 1337845?
1
What is the thousands digit of 3282869?
2
What is the hundreds digit of 197329?
3
What is the millions digit of 12770776?
2
What is the ten thousands digit of 2993441?
9
What is the ten thousands digit of 980038?
8
What is the hundreds digit of 170332?
3
What is the thousands digit of 13875867?
5
What is the units digit of 235829?
9
What is the millions digit of 15407882?
5
What is the hundreds digit of 8478186?
1
What is the hundred thousands digit of 9810745?
8
What is the millions digit of 3447276?
3
What is the hundred thousands digit of 7601528?
6
What is the millions digit of 15406711?
5
What is the tens digit of 238418?
1
What is the thousands digit of 3525122?
5
What is the hundreds digit of 361341?
3
What is the units digit of 854184?
4
What is the tens digit of 302299?
9
What is the tens digit of 230779?
7
What is the thousands digit of 417651?
7
What is the hundred thousands digit of 218023?
2
What is the ten thousands digit of 7575828?
7
What is the thousands digit of 8512671?
2
What is the hundreds digit of 39001503?
5
What is the hundred thousands digit of 2574611?
5
What is the tens digit of 18356575?
7
What is the units digit of 413958?
8
What is the hundreds digit of 637598?
5
What is the units digit of 980174?
4
What is the hundred thousands digit of 344924?
3
What is the hundreds digit of 966659?
6
What is the tens digit of 2125728?
2
What is the hundreds digit of 989225?
2
What is the units digit of 3413160?
0
What is the ten thousands digit of 13413374?
1
What is the hundreds digit of 1568176?
1
What is the tens digit of 16795181?
8
What is the ten thousands digit of 6313816?
1
What is the ten thousands digit of 918433?
1
What is the millions digit of 11901936?
1
What is the units digit of 53092?
2
What is the units digit of 169358?
8
What is the hundred thousands digit of 253785?
2
What is the tens digit of 1082434?
3
What is the hundreds digit of 31363955?
9
What is the hundreds digit of 5522?
5
What is the tens digit of 12784986?
8
What is the ten thousands digit of 739796?
3
What is the tens digit of 205264?
6
What is the units digit of 78215?
5
What is the units digit of 1490977?
7
What is the hundred thousands digit of 17264284?
2
What is the tens digit of 430617?
1
What is the units digit of 173885?
5
What is the tens digit of 298597?
9
What is the hundreds digit of 23963820?
8
What is the thousands digit of 3982656?
2
What is the units digit of 261930?
0
What is the millions digit of 1374991?
1
What is the hundreds digit of 1695165?
1
What is the tens digit of 234153?
5
What is the tens digit of 733483?
8
What is the ten thousands digit of 478132?
7
What is the hundreds digit of 957861?
8
What is the millions digit of 16539761?
6
What is the tens digit of 557991?
9
What is the thousands digit of 3743303?
3
What is the hundred thousands digit of 428386?
4
What is the ten thousands digit of 78374?
7
What is the tens digit of 597855?
5
What is the hundred thousands digit of 5052107?
0
What is the thousands digit of 23065894?
5
What is the thousands digit of 200752?
0
What is the hundred thousands digit of 1175172?
1
What is the millions digit of 3181648?
3
What is the ten millions digit of 40925866?
4
What is the thousands digit of 284424?
4
What is the units digit of 1043588?
8
What is the hundred thousands digit of 157581?
1
What is the hundreds digit of 80086?
0
What is the millions digit of 5684334?
5
What is the ten millions digit of 24010324?
2
What is the hundred thousands digit of 1803028?
8
What is the millions digit of 26661505?
6
What is the hundred thousands digit of 671303?
6
What is the units digit of 36838?
8
What is the hundred thousands digit of 502880?
5
What is the hundreds digit of 2287612?
6
What is the hundreds digit of 256490?
4
What is the hundreds digit of 3175563?
5
What is the hundreds digit of 794745?
7
What is the units digit of 1655410?
0
What is the units digit of 1475810?
0
What is the hundred thousands digit of 1323098?
3
What is the thousands digit of 26034988?
4
What is the hundreds digit of 393966?
9
What is the thousands digit of 732721?
2
What is the units digit of 266463?
3
What is the hundred thousands digit of 248624?
2
What is the ten thousands digit of 10139?
1
What is the ten thousands digit of 38508480?
0
What is the units digit of 608820?
0
What is the hundreds digit of 283157?
1
What is the hundreds digit of 23334541?
5
What is the ten thousands digit of 3876343?
7
What is the hundred thousands digit of 252705?
2
What is the ten thousands digit of 869963?
6
What is the units digit of 324189?
9
What is the thousands digit of 18751?
8
What is the hundreds digit of 90240?
2
What is the hundreds digit of 88312?
3
What is the tens digit of 731106?
0
What is the hundred thousands digit of 673733?
6
What is the hundred thousands digit of 19141534?
1
What is the tens digit of 2974875?
7
What is the units digit of 1583384?
4
What is the thousands digit of 1825264?
5
What is the units digit of 2139949?
9
What is the thousands digit of 227390?
7
What is the tens digit of 331562?
6
What is the tens digit of 2542417?
1
Wh